the greatest common factor of p and 143?
13
Let c = -24 + 43. Calculate the greatest common factor of c and 152.
19
Let u = -4 + 4. Let v be (-1)/(1 + u)*-1. Let z = -12 + 13. Calculate the greatest common factor of v and z.
1
Let r be 2/2 + 1*59. Let q(g) = -71*g**3 - g**2 + 1. Let p be q(1). Let c = -31 - p. What is the highest common factor of c and r?
20
Suppose 4*q - y = y + 550, 5*q = -4*y + 668. What is the highest common divisor of q and 17?
17
Suppose -2*f = 125 + 101. Let p = -63 - f. Calculate the greatest common divisor of p and 10.
10
Suppose -6*d + 11 = -5*d. Calculate the greatest common divisor of 11 and d.
11
Let q be 3*(2 + (-21)/(-3)). Let g = 29 - 26. What is the greatest common divisor of q and g?
3
Let l(g) = g**2 - 9*g + 7. Let x be l(14). Calculate the highest common divisor of x and 7.
7
Let w = 392 + -161. What is the highest common factor of w and 21?
21
Let i be 0*(-2)/4 - -1. Let w = 6 - i. Calculate the highest common divisor of 40 and w.
5
Let u(m) = m**2 - 5*m - 17. Let k be u(8). What is the greatest common factor of 77 and k?
7
Let b be (-95)/(-10) - (-2)/(-4). Let j = b + -2. Calculate the greatest common factor of 63 and j.
7
Let c = 3 + -1. Suppose -c*q = -f + 268, 5*f - 2*q - 1365 = 3*q. Suppose 3*g = 4*h + f, -2*h = 2*g + h - 208. Calculate the greatest common factor of 14 and g.
14
Let q(y) = -y**2 - 5*y - 2. Suppose 0*c = -c - 5. Let f be q(c). Let x = 17 - f. Calculate the highest common factor of x and 76.
19
Let p be 3/2 + (-207)/(-6). Let n be (p/8)/((-1)/(-10)). What is the highest common divisor of n and 15?
15
Let n = 7 - -1. Suppose -i + 43 + 29 = 0. Calculate the greatest common divisor of i and n.
8
Suppose -2*l = -2*r - 676, 234 = 4*l - 5*r - 1115. What is the greatest common factor of l and 31?
31
Let z(c) = 8*c**2 + 3*c + 1. Let b be z(4). Let t = b + -66. What is the greatest common factor of t and 30?
15
Let a = 82 + 28. What is the highest common factor of 11 and a?
11
Suppose 5*r - 475 = 2*z - 3*z, 3*r - z = 293. What is the highest common divisor of r and 12?
12
Suppose 24*h = 25*h - 27. What is the highest common divisor of h and 27?
27
Let d be (-7)/(-3) + 2/(-6). Let s be (-2)/1*d*-1. Suppose -2 = s*o - 34. Calculate the highest common factor of o and 8.
8
Let k be 4 + (55 - (-2 + 6)). What is the greatest common divisor of k and 5?
5
Suppose -5*a + 70 = l, 10*l = 5*l + 3*a + 294. What is the greatest common factor of l and 15?
15
Suppose -231 = -20*b + 13*b. Let o = -1 - -4. Suppose k + o = -3*q - 0, -4*q = 8. What is the highest common factor of b and k?
3
Let v(q) = -q + 6. Let x(p) = -p**3 - 5*p**2 + 6*p - 5. Let d be x(-6). Let l be v(d). What is the highest common factor of 11 and l?
11
Let i be 3/6*10*3. Suppose -4*m - 7*f + 23 = -2*f, 3*f + i = 0. What is the highest common factor of 4 and m?
4
Suppose -75 = -7*v + 72. Let i = -18 + v. Calculate the highest common divisor of 1 and i.
1
Let i = -1 - 0. Let r be 2*i + (-14)/(-1). Let f(n) = -10*n - 34. Let u be f(-13). Calculate the highest common factor of r and u.
12
Suppose -5*i = -4*i - 5. Calculate the highest common factor of i and 5.
5
Suppose p - 5*j = -p - 20, 0 = -3*p - 5*j + 20. Suppose -x - 3*x + 16 = p. Let i be 12/(-3)*3/(-6). Calculate the greatest common factor of i and x.
2
Let c = 5 + 1. Suppose 3*s = n - 13, c*s = 2*n + 3*s - 23. Calculate the highest common factor of 2 and n.
2
Let r = 84 + -70. What is the highest common divisor of r and 14?
14
Suppose 5*c - 37 = u, 3*c = -2*u - 0*u + 30. Suppose -c*h + 3*h = -75. What is the greatest common divisor of h and 10?
5
Let d(n) = -n**3 + 5*n**2 + 7*n - 9. Let i be d(6). Let w be ((-934)/(-4))/(i/(-6)). Suppose -248 - w = -5*z. What is the highest common divisor of z and 13?
13
Suppose 5*k + 44 + 6 = 0. Let x = -7 + 12. Let l be 276/x - (-2)/k. Calculate the greatest common factor of 22 and l.
11
Suppose 5*g - g - 20 = 0. Suppose -15 = -2*r + 3*q + g, 2*r = -5*q + 20. Calculate the greatest common factor of 2 and r.
2
Suppose 0 = -2*m + 396 - 70. Suppose 5*t + m = 4*y, 3*t - 45 = -2*y + y. What is the highest common factor of y and 28?
14
Suppose 0 = -l + 3*l - 16. Let v be (-4 - -6)*(-24)/(-2). Suppose l - 22 = -4*m - 2*w, m + v = 5*w. Calculate the highest common factor of m and 8.
1
Let o = -7 + 13. Calculate the highest common divisor of 24 and o.
6
Let i be (-5 + 1 + 2)*(-4)/2. Suppose 3*g = 5*j - 12, g - 2*j = 5*g - 10. Calculate the greatest common divisor of i and g.
1
Let t = -89 + 139. What is the greatest common divisor of 20 and t?
10
Suppose 3*t + 5*o - 37 = t, -20 = -4*o. Calculate the highest common divisor of 2 and t.
2
Suppose -3*q - 2*q + 115 = 0. Let t = q - -1. What is the highest common divisor of t and 3?
3
Let l = 1 - -1. Suppose -l*q + 210 = q. Let c = 19 - 9. Calculate the highest common factor of q and c.
10
Let k = -78 + 177. Let w be (1 - 0)*(11 + 0). Let s = w - 2. Calculate the highest common divisor of k and s.
9
Let r(d) be the second derivative of d**4/4 - d**3/6 - 3*d**2/2 + 4*d. Let u be r(-5). Let q = 9 + -2. Calculate the highest common factor of u and q.
7
Suppose 2*b - 4*o = o + 42, 21 = b + o. What is the greatest common divisor of b and 14?
7
Let w be ((-51)/9)/((-2)/6). Let l = -8 + w. What is the greatest common factor of l and 27?
9
Let h = 25 - 16. Let a(j) = 66*j + 6. Let k be a(1). What is the highest common factor of k and h?
9
Suppose -j + 42 = 2*j. Let s(b) = 1 + b**3 + 8 + 9*b**2 + 2*b + j*b - 5*b. Let o be s(-7). Calculate the highest common divisor of o and 20.
10
Suppose -3*h + 4*h = 40. Let f = -12 + h. What is the greatest common divisor of 7 and f?
7
Let s = 69 - 19. Let v = s - 14. What is the highest common factor of v and 54?
18
Let d = 4 + 2. Let u = 29 + 34. Suppose -u = -3*n - 18. What is the greatest common factor of n and d?
3
Let z(m) = m - 9. Let f(t) = 8*t**2 + t. Let c be f(1). Let p be z(c). Suppose -j + 11 + 21 = p. What is the greatest common divisor of 8 and j?
8
Suppose -208 + 8 = -5*m. Let h be -2*(-11)/2 - 1. What is the highest common factor of m and h?
10
Let a(z) be the first derivative of -z**4/4 + z - 1. Let s be a(-2). Calculate the greatest common divisor of s and 63.
9
Suppose 0*j = -j - 4. Let l = 8 + j. Let x be (-5656)/(-63) - l/(-18). What is the greatest common divisor of x and 9?
9
Let t(m) = -9 - m + 7 + 4. Let n be t(-10). What is the greatest common divisor of 12 and n?
12
Let s be (4/6)/(7/63). Calculate the highest common factor of 15 and s.
3
Let m = -7 - -10. Suppose -m*j = -j + 4. Let t be ((-12)/j + 2)*2. What is the greatest common divisor of t and 128?
16
Let f be (-4 - -1)/((-2)/72). Let t be 6/5*6/((-12)/(-5)). Suppose -5*x - t = -f. Calculate the highest common factor of 42 and x.
21
Let o = 21 - -2. What is the highest common divisor of 299 and o?
23
Suppose -4*w - 256 = -3*p, -2*p - 2*w = -3*p + 88. Let f(q) = -18*q - 1. Let n be f(-1). Let z = -7 + n. What is the greatest common divisor of p and z?
10
Let q be (1/(-3))/(4/84). Let h(b) = -b - 6. Let u be h(q). Suppose 3*l - 3 = 0, -1 = r - l - 8. What is the greatest common factor of u and r?
1
Suppose 0 = 5*l + 4*m - 7*m - 415, 4*l + 2*m = 310. Suppose 80 = -0*d + 5*d. What is the greatest common factor of l and d?
16
Suppose -6*h + h = 20, 5*h = -2*w + 6. Let g(b) = 10*b**3 + b + 4. Let i be g(3). Let y = -160 + i. What is the greatest common factor of y and w?
13
Suppose -5*g = -3*y - 2 + 36, 0 = -y + 3*g + 6. Calculate the greatest common divisor of 126 and y.
18
Let f(q) = q**3 - 6*q**2 + 3*q. Let g be f(7). Calculate the highest common factor of 14 and g.
14
Suppose -6*t + 16 = -2*t. Calculate the greatest common divisor of t and 4.
4
Let m(h) = -14*h - 6. Let s be m(-2). Calculate the greatest common factor of s and 2.
2
Suppose 0 = 2*m + 29 - 179. Suppose 5*p - 5*a - 145 = -0*p, 4*a + 26 = p. What is the highest common factor of m and p?
15
Suppose -t = -66 + 21. Calculate the greatest common divisor of t and 5.
5
Suppose -2*h = 2*j + 2*h - 8, -24 = 4*j - 2*h. Let o = j - -2. Let d be (-556)/(-10) + o/(-5). Calculate the greatest common divisor of 7 and d.
7
Suppose f + 28 = 3*f. Calculate the highest common divisor of f and 14.
14
Suppose 0*v + 24 = 2*v + 2*h, -58 = -4*v + h. Calculate the gre